 the prime factors of w.
2, 5
Let g(h) be the third derivative of 1/2*h**3 + h**2 + 0 - 1/60*h**5 - 3/8*h**4 + 0*h. List the prime factors of g(-9).
3
Let u = -71 + 207. List the prime factors of u.
2, 17
Let g = 24 + -40. Let s = 15 - g. List the prime factors of s.
31
Let d(u) = -2*u**3 - 4*u**2 + 4*u. What are the prime factors of d(-4)?
2, 3
Suppose 10*g + 161 = 761. What are the prime factors of g?
2, 3, 5
Let b(a) = a**3 + 33*a**2 - a + 37. What are the prime factors of b(-33)?
2, 5, 7
Let w be 2/4 + 1/(-2). Suppose w = 7*x - 3*x - 56. What are the prime factors of x?
2, 7
Suppose -832 = -6*f - 2*f. List the prime factors of f.
2, 13
Let z(v) = -v. Let g be z(-10). Suppose -3*m + 5 = -g. List the prime factors of m.
5
Suppose 3*q - 8 = 1. Suppose 8 = f - 23. Suppose f = 3*g + 2*u, -q*u + 42 = 5*g - g. List the prime factors of g.
3
Let t(j) = 71*j + 1. What are the prime factors of t(1)?
2, 3
What are the prime factors of (-138)/5*(-45)/6?
3, 23
Let k = 4 - 4. Let j be -3 + 2 + -2 + k. List the prime factors of (j - (-2 + 2))*-4.
2, 3
List the prime factors of (-1192)/(-20) + 6/15.
2, 3, 5
Let l = 4 - -76. What are the prime factors of l?
2, 5
List the prime factors of (21/(-35))/((-2)/20).
2, 3
Let h be 195/(-5) - (1 + -1). Let k = h - -55. Let u = k - 2. List the prime factors of u.
2, 7
Let y(c) = -c - 1. Let n(s) = -s - 5. Let w be n(9). What are the prime factors of y(w)?
13
Let v = 29 + -5. Let n = v + -39. List the prime factors of 0/(-3) + (0 - n).
3, 5
Let m = 33 - 80. Let c = m + 15. Let y = c + 46. What are the prime factors of y?
2, 7
Let t be (-44)/36 - (-2)/9. What are the prime factors of ((-3)/t)/(3/10)?
2, 5
Suppose 3*d - d = 0. Suppose d = 3*j - 11 - 55. List the prime factors of j.
2, 11
Suppose 0*g - 10 = -5*g. Let j = 36 + 14. Suppose j = g*l + 3*l. List the prime factors of l.
2, 5
Let q be (1/(-3))/((-3)/153). Let t = 15 - 25. Let y = q + t. What are the prime factors of y?
7
Let r be 1/(-3) - (-119)/(-21). List the prime factors of r*-2*1/6.
2
Let s(a) be the second derivative of -a**4/12 + 5*a**3/2 - 9*a**2 - 9*a. List the prime factors of s(13).
2
Suppose -3*n - 15 = -6*n. Suppose 114 - 19 = n*z. List the prime factors of z.
19
What are the prime factors of (-5 + 16/4)*-47?
47
Let b = 40 + -20. List the prime factors of b.
2, 5
Suppose 3*r = -5*y - 15, -3*r + 45 = -5*y - 0*r. Let i be -2*(3 - 1)*1. Let o = i - y. List the prime factors of o.
2
Suppose 9*v = 4*v + 295. Let x = -36 + v. What are the prime factors of x?
23
Let o(z) = 7*z**2 + 11*z - 3. Let y(a) = 8*a**2 + 12*a - 2. Let l(x) = 6*o(x) - 5*y(x). List the prime factors of l(-6).
2, 7
Let h be (-1 - -7)/((-3)/(-6)). Suppose -33 + 3 = 5*d. Let b = d + h. What are the prime factors of b?
2, 3
Let q(j) = -j - 6. Let y be -7*(-1)/(-1)*-1. Let k = y - 16. What are the prime factors of q(k)?
3
Let k be 10*(-2)/(-10)*2. Let y be 12/(-3)*(-2)/k. Suppose -a = y*a - 54. List the prime factors of a.
2, 3
Let q(n) = n - 2. Let m be q(2). Suppose -o - 5*r = 16, r + 12 = -m*o + 2*o. What are the prime factors of o?
2
What are the prime factors of (-2 - 25)*(-3 - -2)?
3
Suppose 0 = -4*t + 3*w + 16, 3*w - 2 = 3*t - 17. Suppose -2*l = -4 - 16. Let u = l - t. List the prime factors of u.
3
Let j(f) = 2*f**2 - 4*f + 2. Let x be j(2). Let y = x + 7. List the prime factors of y.
3
Let m(r) = r**2 + 1. Let f be m(-1). Let i be (-1 - -19)/3 - f. Suppose 3*n = i*b - 19, 2*n = -3*b + 6*n + 9. What are the prime factors of b?
7
Let s(z) = z**3 - z**2 + 2*z - 3. Let i be s(2). Suppose i*j - 20 - 60 = 0. List the prime factors of j.
2
Suppose 1 = 5*g + 5*q - 184, -3*g + 4*q = -104. List the prime factors of g.
2, 3
Let x(r) be the third derivative of -r**6/20 - r**3/6 - r**2. Let z = -5 - -4. What are the prime factors of x(z)?
5
Let r(z) = z**3 + 7*z**2 + 6*z + 3. Let y be r(-6). Suppose -i = y*j - 42, 39 = i + 5*j - 9. List the prime factors of i.
3, 11
Let x(i) = -18*i + 6. Let d(m) = m - 1. Let h(q) = 8*d(q) + x(q). What are the prime factors of h(-2)?
2, 3
Let j = -17 - -15. What are the prime factors of 3 + j + 4 + 30?
5, 7
Let c(n) = n**2 + 8*n + 5. Suppose -5*d + 13 = 2*w, w = -3*d + 5 + 2. Suppose 7*z - w*z = -24. List the prime factors of c(z).
5
Let a(z) = 7*z**2 + 5*z - 3. What are the prime factors of a(-6)?
3, 73
Let z(a) = -a - 6. List the prime factors of z(-10).
2
Let l = 436 - 229. Suppose -w - 2*w = -l. Suppose 4*t + 3*r = 46, 4*t - 2*r = -t + w. List the prime factors of t.
13
List the prime factors of ((-4)/26 - 36/104)*-254.
127
What are the prime factors of ((-18)/5)/(((-24)/(-135))/(-4))?
3
Let m(f) = -f**3 - 5*f**2 + 4*f + 8. List the prime factors of m(-6).
2, 5
Let y(t) = -7*t**3 + 1. Let x = 1 + -2. What are the prime factors of y(x)?
2
Let k(c) = 2*c**2 + 2*c + 1. Let b(t) = t**2 - 11*t + 12. Let p be b(10). What are the prime factors of k(p)?
13
Suppose -2*q - 70 = 3*q. List the prime factors of 5/2*q/(-7).
5
Let g be (2 + 168)*(-3)/(-6). Suppose 3*m + 2*m = g. List the prime factors of m.
17
Let t(x) = -3*x - 3. Let u(l) = -3*l - 4. Let n(q) = -5*t(q) + 4*u(q). List the prime factors of n(5).
2, 7
Let s(z) be the first derivative of z**3/3 + z**2/2 + 23*z - 1. Let d = 4 + -4. What are the prime factors of s(d)?
23
Let a = 80 + -27. What are the prime factors of a?
53
What are the prime factors of (-3 - -4) + 0 + 211?
2, 53
Suppose -2*f = -7*f - 4*z + 308, 5*z - 250 = -4*f. List the prime factors of f.
2, 3, 5
Suppose -3*s - 26 = -4*m - 6*s, -s + 22 = 4*m. Suppose -2*t + m*t = 5*p - 7, 2*t = -5*p + 12. List the prime factors of p.
2
Let h(n) = -5*n - 4. Let o(v) = v + 1. Let b(l) = 3*h(l) + 12*o(l). What are the prime factors of b(-5)?
3, 5
Let q(m) = m**2 + 7*m - 4. Let w be q(-8). Suppose g - w = 2. What are the prime factors of g?
2, 3
Suppose 104 = 8*p - 4*p. Suppose 2*n - 42 = q + p, 2*n - 92 = -5*q. What are the prime factors of n?
2, 3
Suppose 0 = 5*r - r + 24. Let s = r + 6. Suppose 0*d + d - 2*p = -1, -4*d - 3*p + 18 = s. List the prime factors of d.
3
List the prime factors of (-3 + 6 - -2)*1.
5
Let s(d) = d**3 - 11*d**2 + 11*d + 9. What are the prime factors of s(10)?
19
Suppose -2*n + 3 = -n. Let f = n - -18. What are the prime factors of f?
3, 7
Let q = 7 + -3. Suppose -2*n + 5*n - 21 = -3*c, -13 = n - q*c. List the prime factors of n.
3
Suppose y - 13 = 2*q, 0*q - q = -y + 9. Suppose 0*w = -y*w. Suppose w = -n + 4. What are the prime factors of n?
2
Let n be 140/14*(-11)/(-2). Let r = n - 31. What are the prime factors of r?
2, 3
Suppose 2*n = 10 - 4. Suppose -n*f + 24 = f. Suppose -f*p + 48 = -3*p. What are the prime factors of p?
2
Suppose -c = h - 4, h + 3*c - c - 5 = 0. Let o(a) = h + 1 + a**2 - 5 - 4 + 5*a. What are the prime factors of o(-7)?
3
Let z be -4 + 3 + 4/1. Suppose 57 = -0*v + z*v. List the prime factors of v.
19
Let l = 12 + -5. Let r = -2 + l. Suppose r*i - i = 36. What are the prime factors of i?
3
Suppose 0 = 4*r, 5*r - 812 = -3*u - 257. What are the prime factors of u?
5, 37
Let m(s) = -s - 1. Let c(q) = -7*q - 2. Let j(h) = -c(h) + 5*m(h). Let n be j(3). Let g = 3 + n. List the prime factors of g.
2, 3
Let t be (-4)/(-2) - 4/(-4). Suppose -2*z = -z - t. What are the prime factors of z?
3
Let o be 2*(0 - 21/6). What are the prime factors of 30/7 - (-2)/o?
2
Let y = -9 + 22. Suppose n - 4 + 7 = 0, -2*n + y = b. Suppose 0 = -2*l + 3*g + b, -5*l + 82 = 3*g + g. List the prime factors of l.
2, 7
Let y(z) = z**2 + 9*z - 10. Let l be y(-10). What are the prime factors of 3 + l - (-1 + 0)?
2
Let f(v) = -v**3 - 12*v**2 - 3*v + 37. What are the prime factors of f(-13)?
5, 7
What are the prime factors of 10 + 1 - (-30 - -31)?
2, 5
Let w = 105 + 6. What are the prime factors of w?
3, 37
Let k be (3 - 15) + (-3 - -3). Let u = k - -36. What are the prime factors of u?
2, 3
Suppose 3*h - 232 = -19. List the prime factors of h.
71
List the prime factors of (20/3)/((-12)/(-90)).
2, 5
List the prime factors of -2*(-2)/4*(2 - -129).
131
Let p = -65 + 110. Suppose -n + 17 = 2*z, -n - 2*z + p = 4*n. Suppose -c - n = -4, c + 57 = 3*a. List the prime factors of a.
2, 3
Let g(a) = -a**3 - 12*a**2 + 10*a + 35. List the prime factors of g(-14).
7, 41
Suppose 25 = -m - 4*m. Let x = -3 - m. What are the prime factors of x?
2
Let x(w) = -1